d n.
32
Let a = 31 + -35. Let n be a/(-6) + (3568/12)/4. What is the highest common factor of 30 and n?
15
Suppose 2*i - 215 = -213. Let k be 4 + (16*16)/i. What is the highest common factor of 65 and k?
65
Suppose 2*p = -9*p + 3267. What is the greatest common divisor of p and 11?
11
Let i = 99 - 74. Let s = 38 - 3. Let g = s - i. Calculate the highest common divisor of 10 and g.
10
Suppose -38 + 6 = -f. Suppose -b - 11 = -l, 4*l + 2*b = 7*b + 47. What is the greatest common divisor of f and l?
8
Let d(z) = z**2 - 14*z - 17. Let q be d(16). Let s be q/6 - 1/2. Suppose s*f - 7*f = -25. What is the highest common divisor of f and 1?
1
Let g be 0*(-1 + 0) + 45. Let q(u) = -2*u**3 + 15*u**2 - 8*u - 25. Let n be q(5). What is the greatest common factor of n and g?
15
Suppose -2*p + 1 = v - 3, -4*v = 2*p - 16. Suppose k - 75 = -v*k. Let c be -1 - (-5 - 0 - -1). Calculate the highest common factor of c and k.
3
Suppose 0 = -5*z - 5*h - 85, 2*h = z + 5*h + 27. Let w = 40 + z. Let o = -21 - -28. What is the highest common divisor of w and o?
7
Let u(g) = 3*g + 4. Let z be u(5). Let h be (-38)/(-2) - (-18)/6. Suppose 4*c = 3*s - 334, -h + 256 = 2*s + 3*c. What is the greatest common divisor of s and z?
19
Let x(f) = -12*f - f**2 + 2*f**3 - f**3 - 2*f**3 + 11*f**2 - 10. Let j be x(8). Calculate the greatest common divisor of 110 and j.
22
Suppose -a = 2*t + t - 8, 4*a = 5*t - 36. Suppose -g + t = 2. Suppose 2*v - 48 = -g*u + 18, -5*u = 2*v - 63. What is the greatest common factor of 51 and v?
17
Let j be (-6)/(-9) - (0 + 390/(-9)). What is the greatest common factor of j and 176?
44
Let s be (35/(-2))/(6/(-12)) + -3. Calculate the highest common factor of s and 528.
16
Suppose 0 = 4*b - 2*g - 1986, 3*b - 30*g = -27*g + 1497. What is the greatest common divisor of b and 114?
38
Let n = -51 + 86. Let a = n - 33. Calculate the greatest common factor of 2 and a.
2
Let q be (0 - 4*(-15)/(-20))/(-3). What is the highest common factor of 1 and q?
1
Let h be (47 + -1)/(-7 - 5 - -14). What is the highest common divisor of h and 161?
23
Suppose 3*g + g + 4*a + 8 = 0, 5*g - 35 = 4*a. Suppose -g*l + 3*p + 69 = 0, l + 3*p + 0*p = 19. Calculate the highest common factor of l and 2.
2
Let j = -52 + 87. Let b = 113 - 99. What is the greatest common factor of j and b?
7
Suppose q + 0 = 3. Let y = 3 - q. Suppose y = 3*u - 2*s - 341, 2*s + s = -3*u + 351. What is the highest common divisor of u and 23?
23
Suppose -2 = p, 5*g = -0*p - p + 98. Suppose -g = -4*x + 72. What is the highest common divisor of x and 161?
23
Let i(z) = z**3 - 12*z**2 + 11*z - 2. Let t be i(11). Let o be (-3)/t*(287 + 1)/3. Calculate the greatest common divisor of 16 and o.
16
Suppose 0 = 5*r + 2*v - 315, v - 70 = -r + 2*v. Let j = 49 + r. Let i be j + (0 - (-2 - -4)). What is the greatest common factor of i and 16?
16
Let q be (-150)/(-9) + (-1)/(-3). Let u = 474 - 287. Calculate the greatest common divisor of q and u.
17
Let d be -3*(-3)/(-18)*0. Suppose -13*i + 8*i + 520 = d. What is the highest common factor of 13 and i?
13
Let o be 32/(-20)*1*-5. Calculate the greatest common divisor of o and 32.
8
Let d(q) = q**2 + 2*q + 3. Let c be d(0). Suppose -3*t - 5*g + 166 = -29, 0 = -g + c. What is the greatest common divisor of t and 12?
12
Suppose -2*v - 1080 = -32*v. What is the highest common factor of 864 and v?
36
Suppose -4 - 2 = -2*l, 3*l = 2*d - 3. Suppose 23 = d*t - 1. What is the greatest common factor of t and 4?
4
Suppose 16*y = 5*y + 33. Let q be 152/(-36) - 4/(-18). Let x be (-3)/(-6) - 58/q. Calculate the highest common factor of y and x.
3
Let z = -1639 - -1724. Calculate the greatest common factor of 357 and z.
17
Let f be (-387)/(-72) + 2 + 6/(-16). Calculate the highest common factor of f and 224.
7
Suppose -25*m + 0*m = -1350. What is the greatest common divisor of 126 and m?
18
Suppose 5*i - 38 = f - 10, i + 3*f - 12 = 0. Let n = 18 - i. What is the greatest common divisor of 8 and n?
4
Let u = 30 - 128. Let p be 9/(-2)*u/21. What is the highest common factor of p and 63?
21
Let h = -35 - -130. What is the highest common divisor of 76 and h?
19
Let g(c) = -4*c**2 + 11*c + 25. Let q(z) = -z**2 + 4*z + 8. Let s(u) = -2*g(u) + 7*q(u). Let x be s(-7). What is the greatest common factor of x and 13?
13
Suppose -4 - 32 = 2*l. Let p = l + 20. Suppose p*k = 7*k - 60. What is the highest common divisor of 8 and k?
4
Let w(o) = 7*o + 102. Let l be w(-14). Suppose c + 2 = 3. Calculate the greatest common divisor of l and c.
1
Let c be (-21876)/(-30) - (-4)/(-20). Calculate the greatest common factor of 162 and c.
81
Let l be -1 + 0 + 2*101. Suppose 540 = 28*b - 2852 - 360. Calculate the greatest common divisor of l and b.
67
Suppose 4*h - 5*s = 69, -h - 5*s = -0*h + 14. What is the highest common divisor of h and 253?
11
Suppose -3*h - 8 = -2*x, 3*x = -x - h + 16. Suppose -5*z + 495 = c + c, 0 = -x*c. Calculate the highest common divisor of z and 9.
9
Suppose -1 + 9 = 2*s. Suppose -148 = f - 3*f + s*c, -5*c - 86 = -f. What is the highest common factor of f and 6?
6
Suppose -3*c - 48 = -3*s, s - 44 = -2*s - c. Let r = 388 + -268. Calculate the greatest common divisor of s and r.
15
Suppose 8*s - 72 = 6*s. What is the greatest common factor of s and 45?
9
Let z(n) = n**2 + 5*n + 6. Let u be z(-6). Let i = -38 - 12. Let d be i/15*-18*1. Calculate the greatest common factor of d and u.
12
Let m = 579 + -204. Calculate the highest common divisor of 15 and m.
15
Suppose 0*p = -2*p + 4*v - 22, 2*v + 103 = -5*p. Let s = p + 77. What is the highest common divisor of 116 and s?
58
Let d = 14 + -14. Suppose i - 4*i + 36 = d. Suppose -i = -3*t + 15. Calculate the greatest common factor of 3 and t.
3
Let h be 8/(-20)*15/(-6). Let g(u) = 9*u. Let l be g(h). What is the greatest common divisor of l and 9?
9
Suppose -6*c + c - 20 = 0. Let j(g) = -g**2 - 6*g + 4. Let p be j(c). Calculate the greatest common factor of 18 and p.
6
Let l(k) = 5*k**2 - 60*k + 546. Let f be l(13). What is the greatest common factor of f and 94?
47
Let k be 4/(-24) - 725/(-30). Calculate the greatest common factor of 36 and k.
12
Let d be (-106)/159 - 32/(-3). Let p(z) = z + 60. Let a = 1 - 1. Let t be p(a). What is the greatest common divisor of d and t?
10
Let j(l) = 12*l**2 + 20*l + 72. Let v be j(-7). Calculate the greatest common factor of v and 156.
52
Suppose -c + 40 = 3*j, c - 5*j - 40 = -3*j. Suppose 4*h - 30 = -2*t + 8, 0 = 5*h + 5*t - c. What is the highest common factor of h and 121?
11
Let m(z) = 2*z**2 + 6*z - 25. Let p be m(4). Suppose -2*q + 487 + 9 = 0. What is the highest common divisor of q and p?
31
Let i(z) be the second derivative of z**5/20 + 2*z**4/3 - 13*z**3/6 - 19*z**2/2 - 47*z. Let l be i(-9). Calculate the greatest common divisor of 34 and l.
17
Let o(x) = x**3 - 2*x**2 + 6*x - 7. Let g be o(4). Suppose -2*i + 21 + g = 0. What is the greatest common divisor of 14 and i?
7
Let m be 2/(-8) + 69/4. Suppose 3*i - 172 = -2*u, -u = -0*i - 4*i + 244. Suppose 4*q - 76 - i = 0. What is the greatest common divisor of q and m?
17
Let w(a) = -a**3 - 16*a**2 - 29*a - 11. Let t be w(-14). Suppose -2*n = -5*s - 4, -2*s - 2*s = -t*n + 6. Calculate the greatest common factor of n and 1.
1
Let v = -48 - -57. Calculate the highest common divisor of 306 and v.
9
Let f(z) = -3*z + 72. Let w be f(-6). Suppose -w = 3*o - 123. Suppose 0 = 5*c - 36 - 74. What is the greatest common divisor of c and o?
11
Suppose 5*h + 5*j = -1765, -h = 4*j + j + 349. Let f be 8/(-10) - h/5. Calculate the greatest common divisor of f and 28.
14
Let p(n) = 29*n + 497. Let i be p(-17). Calculate the highest common factor of 19 and i.
1
Let l(b) = 3*b - 1. Let i be l(2). Suppose -2*z - 4*j + 55 = z, i*z - 2*j = 135. Let d = z - 5. What is the highest common factor of d and 30?
10
Let a(o) = 13*o**2 - 14 - 10*o - o**2 - 13 + 42. Let z be a(5). Calculate the greatest common factor of z and 106.
53
Let s(i) = 3*i - 11 - 11 + 25. Let w be s(7). Calculate the highest common divisor of 72 and w.
24
Let k = 100 - 60. Let c be ((-2)/3)/(6*12/(-6480)). What is the greatest common divisor of c and k?
20
Let w(j) = 5*j**2 - 7*j - 9. Let k be w(6). Let h = 41 + k. Calculate the highest common divisor of h and 68.
34
Let u(z) = 20*z + 8. Let j be u(6). L